{"id":38,"date":"2024-08-14T18:40:12","date_gmt":"2024-08-14T18:40:12","guid":{"rendered":"https:\/\/bdebnativo.cl\/?page_id=38"},"modified":"2024-10-09T20:22:38","modified_gmt":"2024-10-09T20:22:38","slug":"quienes-somos","status":"publish","type":"page","link":"https:\/\/bdebnativo.cl\/?page_id=38","title":{"rendered":"Quienes Somos"},"content":{"rendered":"\n<p>Somos una red  que ofrece la oportunidad de reencontrarse con la naturaleza, tener una conexi\u00f3n autentica por medio de la terapia de Ba\u00f1o de Bosques. Contamos con lugares de un valor ecol\u00f3gico \u00fanico, vegetaci\u00f3n nativa la cual es objeto de protecci\u00f3n y cuidado por nuestra organizaci\u00f3n. <\/p>\n\n\n\n<figure class=\"wp-block-image size-large\"><img loading=\"lazy\" decoding=\"async\" width=\"768\" height=\"1024\" src=\"https:\/\/bdebnativo.cl\/wp-content\/uploads\/2024\/10\/IMG_20210914_152437-768x1024.jpg\" alt=\"\" class=\"wp-image-71\" srcset=\"https:\/\/bdebnativo.cl\/wp-content\/uploads\/2024\/10\/IMG_20210914_152437-768x1024.jpg 768w, https:\/\/bdebnativo.cl\/wp-content\/uploads\/2024\/10\/IMG_20210914_152437-225x300.jpg 225w, https:\/\/bdebnativo.cl\/wp-content\/uploads\/2024\/10\/IMG_20210914_152437-1152x1536.jpg 1152w, https:\/\/bdebnativo.cl\/wp-content\/uploads\/2024\/10\/IMG_20210914_152437-1536x2048.jpg 1536w, https:\/\/bdebnativo.cl\/wp-content\/uploads\/2024\/10\/IMG_20210914_152437-624x832.jpg 624w, https:\/\/bdebnativo.cl\/wp-content\/uploads\/2024\/10\/IMG_20210914_152437-scaled.jpg 1920w\" sizes=\"auto, (max-width: 768px) 100vw, 768px\" \/><\/figure>\n","protected":false},"excerpt":{"rendered":"<p>Somos una red que ofrece la oportunidad de reencontrarse con la naturaleza, tener una conexi\u00f3n autentica por medio de la terapia de Ba\u00f1o de Bosques. Contamos con lugares de un valor ecol\u00f3gico \u00fanico, vegetaci\u00f3n nativa la cual es objeto de protecci\u00f3n y cuidado por nuestra organizaci\u00f3n.<\/p>\n","protected":false},"author":2,"featured_media":0,"parent":0,"menu_order":0,"comment_status":"closed","ping_status":"closed","template":"","meta":{"ngg_post_thumbnail":0,"footnotes":""},"class_list":["post-38","page","type-page","status-publish","hentry"],"_links":{"self":[{"href":"https:\/\/bdebnativo.cl\/index.php?rest_route=\/wp\/v2\/pages\/38","targetHints":{"allow":["GET"]}}],"collection":[{"href":"https:\/\/bdebnativo.cl\/index.php?rest_route=\/wp\/v2\/pages"}],"about":[{"href":"https:\/\/bdebnativo.cl\/index.php?rest_route=\/wp\/v2\/types\/page"}],"author":[{"embeddable":true,"href":"https:\/\/bdebnativo.cl\/index.php?rest_route=\/wp\/v2\/users\/2"}],"replies":[{"embeddable":true,"href":"https:\/\/bdebnativo.cl\/index.php?rest_route=%2Fwp%2Fv2%2Fcomments&post=38"}],"version-history":[{"count":3,"href":"https:\/\/bdebnativo.cl\/index.php?rest_route=\/wp\/v2\/pages\/38\/revisions"}],"predecessor-version":[{"id":73,"href":"https:\/\/bdebnativo.cl\/index.php?rest_route=\/wp\/v2\/pages\/38\/revisions\/73"}],"wp:attachment":[{"href":"https:\/\/bdebnativo.cl\/index.php?rest_route=%2Fwp%2Fv2%2Fmedia&parent=38"}],"curies":[{"name":"wp","href":"https:\/\/api.w.org\/{rel}","templated":true}]}}